264 is divided by 147?
121
What is the remainder when 5416 is divided by 18?
16
Calculate the remainder when 100922 is divided by 50374.
174
Calculate the remainder when 1788 is divided by 6.
0
Calculate the remainder when 81717 is divided by 13616.
21
Calculate the remainder when 50697 is divided by 4606.
31
Calculate the remainder when 252034 is divided by 9334.
16
Calculate the remainder when 267378 is divided by 19098.
6
What is the remainder when 1575 is divided by 146?
115
What is the remainder when 15348 is divided by 3818?
76
What is the remainder when 47866 is divided by 187?
181
Calculate the remainder when 765048 is divided by 95631.
0
Calculate the remainder when 8232 is divided by 135.
132
Calculate the remainder when 91025 is divided by 30334.
23
Calculate the remainder when 33360 is divided by 1131.
561
What is the remainder when 642894 is divided by 61?
15
What is the remainder when 22378 is divided by 135?
103
Calculate the remainder when 270841 is divided by 4513.
61
What is the remainder when 5835 is divided by 51?
21
What is the remainder when 12012 is divided by 4001?
9
What is the remainder when 377 is divided by 227?
150
Calculate the remainder when 113456 is divided by 92.
20
What is the remainder when 71851 is divided by 557?
555
Calculate the remainder when 9358 is divided by 208.
206
What is the remainder when 55781 is divided by 1193?
903
Calculate the remainder when 517801 is divided by 178.
177
Calculate the remainder when 59582 is divided by 7443.
38
Calculate the remainder when 32600 is divided by 168.
8
What is the remainder when 2657 is divided by 702?
551
What is the remainder when 72501 is divided by 41?
13
Calculate the remainder when 207172 is divided by 69056.
4
Calculate the remainder when 25938 is divided by 59.
37
What is the remainder when 8786 is divided by 65?
11
What is the remainder when 15306 is divided by 7644?
18
What is the remainder when 3390 is divided by 45?
15
Calculate the remainder when 166662 is divided by 44.
34
Calculate the remainder when 42602 is divided by 10646.
18
Calculate the remainder when 2722 is divided by 86.
56
What is the remainder when 1685 is divided by 245?
215
What is the remainder when 3332 is divided by 261?
200
Calculate the remainder when 2470 is divided by 644.
538
What is the remainder when 12861 is divided by 12838?
23
Calculate the remainder when 52649 is divided by 763.
2
What is the remainder when 52916 is divided by 7551?
59
Calculate the remainder when 1421133 is divided by 278.
275
Calculate the remainder when 3959 is divided by 1973.
13
What is the remainder when 1790 is divided by 305?
265
Calculate the remainder when 108 is divided by 99.
9
What is the remainder when 173795 is divided by 756?
671
What is the remainder when 177 is divided by 105?
72
Calculate the remainder when 1020539 is divided by 730.
729
Calculate the remainder when 217451 is divided by 118.
95
What is the remainder when 16023 is divided by 2?
1
Calculate the remainder when 22234 is divided by 22230.
4
What is the remainder when 1366932 is divided by 227822?
0
What is the remainder when 1716 is divided by 787?
142
Calculate the remainder when 30241 is divided by 105.
1
What is the remainder when 114134 is divided by 878?
872
What is the remainder when 317 is divided by 159?
158
Calculate the remainder when 137887 is divided by 9.
7
What is the remainder when 136146 is divided by 202?
200
What is the remainder when 45565 is divided by 991?
970
Calculate the remainder when 6136 is divided by 6027.
109
Calculate the remainder when 25877 is divided by 57.
56
Calculate the remainder when 10328 is divided by 101.
26
Calculate the remainder when 357248 is divided by 71449.
3
Calculate the remainder when 293468 is divided by 116.
104
What is the remainder when 19363 is divided by 4776?
259
What is the remainder when 34073 is divided by 569?
502
Calculate the remainder when 106781 is divided by 2179.
10
Calculate the remainder when 119978 is divided by 14.
12
What is the remainder when 873 is divided by 494?
379
What is the remainder when 83250 is divided by 106?
40
What is the remainder when 6534374 is divided by 41?
40
What is the remainder when 9634 is divided by 679?
128
Calculate the remainder when 11993 is divided by 11940.
53
What is the remainder when 13330 is divided by 1718?
1304
What is the remainder when 85974 is divided by 116?
18
What is the remainder when 4058 is divided by 579?
5
Calculate the remainder when 14013 is divided by 351.
324
Calculate the remainder when 19251 is divided by 6408.
27
Calculate the remainder when 10600 is divided by 560.
520
What is the remainder when 24110 is divided by 289?
123
Calculate the remainder when 27243 is divided by 13406.
431
What is the remainder when 1190 is divided by 1167?
23
What is the remainder when 61123 is divided by 453?
421
Calculate the remainder when 501922 is divided by 20913.
10
Calculate the remainder when 3310443 is divided by 1094.
1093
Calculate the remainder when 1804 is divided by 197.
31
Calculate the remainder when 579464 is divided by 58.
44
Calculate the remainder when 16338 is divided by 2362.
2166
What is the remainder when 48682 is divided by 69?
37
Calculate the remainder when 573085 is divided by 8.
5
What is the remainder when 247239 is divided by 181?
174
Calculate the remainder when 294195 is divided by 98053.
36
What is the remainder when 142416 is divided by 330?
186
Calculate the remainder when 1385 is divided by 283.
253
Calculate the remainder when 953 is divided by 109.
81
What is the remainder when 46278 is divided by 15425?
3
Calculate the remainder when 3935 is divided by 241.
79
What is the remainder when 175164 is divided by 136?
132
Calculate the remainder when 6486 is divided by 240.
6
Calculate the remainder when 2328 is divided by 422.
218
Calculate the remainder when 38277 is divided by 145.
142
Calculate the remainder when 46750 is divided by 147.
4
What is the remainder when 2404 is divided by 473?
39
What is the remainder when 18144 is divided by 6043?
15
Calculate the remainder when 1030831 is divided by 73.
71
Calculate the remainder when 6478 is divided by 712.
70
What is the remainder when 72489 is divided by 9?
3
Calculate the remainder when 3795 is divided by 103.
87
What is the remainder when 5723219 is divided by 510?
509
Calculate the remainder when 88558 is divided by 40.
38
Calculate the remainder when 3802 is divided by 159.
145
What is the remainder when 63105 is divided by 4507?
7
Calculate the remainder when 16537 is divided by 7.
3
What is the remainder when 670 is divided by 66?
10
What is the remainder when 4751 is divided by 397?
384
What is the remainder when 386113 is divided by 2157?
10
What is the remainder when 1402 is divided by 83?
74
What is the remainder when 86233 is divided by 15?
13
What is the remainder when 34409 is divided by 185?
184
Calculate the remainder when 170045 is divided by 141.
140
Calculate the remainder when 3597 is divided by 1400.
797
What is the remainder when 409848 is divided by 207?
195
Calculate the remainder when 1005 is divided by 114.
93
Calculate the remainder when 323836 is divided by 305.
231
Calculate the remainder when 872 is divided by 100.
72
Calculate the remainder when 15824 is divided by 15.
14
Calculate the remainder when 9512 is divided by 179.
25
What is the remainder when 3163 is divided by 2510?
653
What is the remainder when 19254 is divided by 43?
33
Calculate the remainder when 7219 is divided by 603.
586
What is the remainder when 66117 is divided by 26?
25
Calculate the remainder when 1999 is divided by 21.
4
What is the remainder when 312712 is divided by 375?
337
Calculate the remainder when 2937 is divided by 37.
14
Calculate the remainder when 1989529 is divided by 982.
979
Calculate the remainder when 429385 is divided by 28625.
10
What is the remainder when 1470 is divided by 715?
40
Calculate the remainder when 117114 is divided by 484.
470
What is the remainder when 1422 is divided by 110?
102
Calculate the remainder when 1344 is divided by 185.
49
What is the remainder when 12628 is divided by 57?
31
What is the remainder when 250622 is divided by 33?
20
What is the remainder when 4753 is divided 